21431 a prime number?
True
Is 229178459 a prime number?
False
Is 84829859 composite?
False
Is 3193487 prime?
False
Is 345236641 a prime number?
False
Is 68140157 a prime number?
False
Is 649299133 composite?
True
Is 1274051 composite?
False
Is 131116421 prime?
True
Is 256279 composite?
False
Is 35071 a composite number?
True
Is 171511 composite?
True
Is 4492937 a composite number?
True
Is 885233 prime?
True
Is 14570719 a composite number?
False
Is 2094193 a prime number?
False
Is 1327255 composite?
True
Is 12388471 a prime number?
True
Is 39984413 a prime number?
False
Is 2411287 prime?
True
Is 1364723 composite?
True
Is 1213183 prime?
True
Is 1466099 a prime number?
True
Is 6585941 a prime number?
True
Is 3875401 a prime number?
True
Is 59642633 composite?
False
Is 3769871 a prime number?
False
Is 6368521 prime?
True
Is 133241 composite?
False
Is 307967 a prime number?
False
Is 2456059 a composite number?
True
Is 134736569 composite?
True
Is 519171073 composite?
False
Is 12730241 prime?
False
Is 37357603 prime?
True
Is 107377927 a composite number?
False
Is 1871387 prime?
False
Is 936877 prime?
False
Is 142360811 a composite number?
False
Is 48886331 composite?
True
Is 2418037 prime?
True
Is 6035671 composite?
True
Is 676007 composite?
False
Is 309576739 composite?
False
Is 1763011 a prime number?
True
Is 261871 a composite number?
True
Is 25084034 prime?
False
Is 10133609 composite?
False
Is 32450021 prime?
True
Is 156936191 composite?
False
Is 53336513 prime?
False
Is 6605561 a prime number?
True
Is 15700019 a prime number?
True
Is 2170933 composite?
True
Is 152556629 prime?
False
Is 1342249 a prime number?
False
Is 4474579 a composite number?
True
Is 2793479 a prime number?
False
Is 773657 prime?
True
Is 29039371 a prime number?
False
Is 9173917 a composite number?
False
Is 62268589 a prime number?
True
Is 889897 a prime number?
False
Is 26778467 a composite number?
True
Is 1715057 composite?
True
Is 35945993 composite?
True
Is 9661507 prime?
True
Is 875611 a prime number?
False
Is 396646787 prime?
True
Is 12396907 composite?
False
Is 15257573 composite?
False
Is 67343801 composite?
True
Is 39248509 a composite number?
True
Is 19376061 composite?
True
Is 2885639 a composite number?
False
Is 481315 a composite number?
True
Is 7099129 composite?
True
Is 19405759 a composite number?
True
Is 101717237 prime?
True
Is 1077097 prime?
False
Is 585251 prime?
True
Is 20028733 prime?
False
Is 984839 composite?
True
Is 1461359 composite?
False
Is 635 a prime number?
False
Is 1505813 a composite number?
False
Is 48405113 a composite number?
False
Is 293941 composite?
False
Is 4769821 composite?
True
Is 1158121 a prime number?
True
Is 2665177 a composite number?
False
Is 206537762 a composite number?
True
Is 2892453 a prime number?
False
Is 41437699 a composite number?
True
Is 850068767 a prime number?
False
Is 2315119 prime?
False
Is 4573003 prime?
False
Is 23779361 composite?
False
Is 172440563 a composite number?
True
Is 13703219 a composite number?
False
Is 5176631 prime?
True
Is 1083096283 prime?
True
Is 273765103 composite?
False
Is 3928651 a prime number?
True
Is 230623 a composite number?
True
Is 6886933 a prime number?
True
Is 9689531 composite?
False
Is 985003 composite?
False
Is 245327 prime?
False
Is 837816277 composite?
True
Is 2714983 a prime number?
True
Is 4198687 prime?
False
Is 14032019 prime?
False
Is 17697571 prime?
True
Is 1847581 a composite number?
True
Is 1909073 composite?
True
Is 6664417 a prime number?
True
Is 320003 a prime number?
False
Is 28500287 prime?
True
Is 202007891 composite?
True
Is 168107857 composite?
False
Is 523050233 a prime number?
True
Is 98609051 a composite number?
False
Is 21650249 composite?
False
Is 207521507 a composite number?
False
Is 234827323 a composite number?
True
Is 2356681 prime?
True
Is 167545981 a prime number?
True
Is 1970497 a composite number?
True
Is 7991297 prime?
False
Is 20255549 a prime number?
True
Is 327857 composite?
True
Is 129917 composite?
False
Is 2816623 composite?
False
Is 196042193 composite?
False
Is 6851057 prime?
True
Is 5535367 a prime number?
True
Is 10639469 a composite number?
True
Is 28600967 a prime number?
True
Is 48359989 composite?
False
Is 3334613 composite?
False
Is 34657853 composite?
True
Is 72597377 a prime number?
False
Is 6304169 composite?
False
Is 3196189 a composite number?
False
Is 13680767 prime?
False
Is 36255397 prime?
True
Is 747763 a composite number?
False
Is 3611659 a composite number?
True
Is 21062801 a composite number?
False
Is 85023997 a composite number?
False
Is 625818889 a composite number?
False
Is 2482009 composite?
False
Is 3814553 prime?
True
Is 10992019 a composite number?
False
Is 41306203 composite?
False
Is 75010399 a prime number?
False
Is 22357607 a composite number?
False
Is 77815981 composite?
True
Is 55770679 prime?
False
Is 142337 a prime number?
False
Is 25180321 a prime number?
True
Is 898741 prime?
False
Is 51085061 prime?
True
Is 3363733 composite?
False
Is 71677597 prime?
False
Is 2557283 a composite number?
True
Is 36691 a composite number?
False
Is 23026069 a composite number?
True
Is 13618271 a composite number?
False
Is 123041849 prime?
False
Is 145411 composite?
True
Is 168226651 a composite number?
True
Is 82602427 composite?
True
Is 3440483 a composite number?
True
Is 16327381 a prime number?
False
Is 440893 a prime number?
True
Is 74571467 a prime number?
True
Is 6397879 a composite number?
True
Is 6339161 a prime number?
True
Is 120729223 a prime number?
False
Is 21889927 a prime number?
True
Is 3754961 composite?
True
Is 1342727 prime?
True
Is 7090769 prime?
False
Is 110451659 composite?
False
Is 23954659 composite?
False
Is 97465811 prime?
False
Is 21207223 composite?
False
Is 32427839 prime?
True
Is 3721873 a prime number?
True
Is 12835567 prime?
True
Is 7198643 prime?
True
Is 1378499 a prime number?
True
Is 2879213 prime?
True
Is 9496049 a composite number?
True
Is 6949867 a composite number?
True
Is 43313071 prime?
False
Is 41866871 a prime number?
True
Is 678467 prime?
False
Is 5382281 a prime number?
True
Is 30531959 prime?
True
Is 32131349 prime?
True
Is 12986849 composite?
False
Is 43052323 a composite number?
False
Is 61845467 a prime number?
False
Is 853517 prime?
False
Is 417928657 a prime number?
False
Is 110783443 a prime number?
True
Is 3088103 prime?
False
Is 7445255 composite?
True
Is 12085085 a prime number?
False
Is 1389083 prime?
True
Is 19761397 a composite number?
False
Is 21977311 a prime number?
False
Is 7177111 a prime number?
False
Is 61911757 composite?
True
Is 4322027 a prime number?
True
Is 8841331 a composite number?
False
Is 34537 a composite number?
False
Is 845179 prime?
True
Is 253841017 a prime number?
False
Is 18658301 a prime number?
True
Is 3877151 prime?
True
Is 4346819 composite?
False
Is 188388658 prime?
False
Is 84204797 a composite number?
False
Is 11174873 a prime number?
True
Is 12901341 a composite number?
True
Is 2800969 composite?
False
Is 760280023 a prime number?
True
Is 176862941 prime?
True
Is 137932045 a prime number?
False
Is 106705847 a composite number?
False
Is 15861083 a composite number?
True
Is 13751329 a composite number?
False
Is 395172317 composite?
True
Is 581153519 a composite number?
False
Is 61817 composite?
True
Is 110770163 prime?
False
Is 12831451 prime?
False
Is 28887307 composite?
False
Is 16933237 a composite number?
True
Is 2955581 a prime number?
True
Is 1237882 a prime number?
False
Is 2607889 prime?
False
Is 12159731 a composite number?
False
Is 343037 a composite number?
False
Is 27034379 prime?
True
Is 59409481 composite?
True
Is 9812371 a prime number?
False
Is 51508001 composite?
False
Is 5000153 prime?
True
Is 3813983 prime?
True
Is 882430061 a composite number?
False
Is 2470147 a prime number?
False
Is 5292679 prime?
False
Is 344114009 composite?
False
Is 6168857 composite?
True
Is 6831971 a prime number?
True
Is 13001353 prime?
False
Is 295610213 composite?
True
Is 46266533 prime?
True
Is 16198631 prime?
False
Is 147059557 a prime number?
True
Is 3470821 a prime number?
True
Is 34097317 prime?
True
Is 9788323 prime?
False
Is 64739743 a composite number?
True
Is 37781 a composite number?
False
Is 1489141 a prime number?
Fals